 7*r + 7*r - 6*r. What are the prime factors of j(x)?
2, 5
Suppose 4*a - 10701 = -2526 + 7621. What are the prime factors of a?
11, 359
List the prime factors of 1161075/225 + 16/6.
3, 1721
Suppose 568 = -3*x - 5804. Suppose -6*o + 8 = -10*o. What are the prime factors of o/10 + x/(-45)?
47
Let v(a) = a**2 - 11*a + 13. Let h be v(10). List the prime factors of h/(-1) - (7 + -10) - -80.
2, 5
Let d(i) = -28*i + 2*i**2 + 11*i + 20*i + 292. List the prime factors of d(0).
2, 73
Suppose 40*r - 46*r = -117582. What are the prime factors of r?
19597
Let s be (1 - 0) + -3 + 3. Let h be (-6)/3*((1 - 1) + s). List the prime factors of (156/(-9))/(h/12).
2, 13
Let w(c) = -4*c - 50. Let q be (-16)/(-8) - (-1 + -69 - -2). Let o = q - 88. What are the prime factors of w(o)?
2, 11
Let q = 50 + -50. Suppose 5*m - 3*h - 1598 = 0, -2*h + q*h = 3*m - 955. What are the prime factors of m?
11, 29
Suppose -4*r + 4*z + 4 = 6*z, 5*r - 20 = 5*z. Suppose -5*t + 2085 = 5*k, -15*t = -r*k - 12*t + 854. List the prime factors of k.
421
Suppose 40 = 3*h + q + 4*q, 3*h - 43 = -2*q. Let k(n) = -n**2 + 23*n + 10. What are the prime factors of k(h)?
2, 5, 13
Let r(t) = 477*t**2 - 22*t + 77. List the prime factors of r(4).
7621
Let n(c) = c**3 - 62*c**2 - 102*c - 92. What are the prime factors of n(65)?
5953
Suppose 0 = -22*a + 373627 + 140733. What are the prime factors of a?
2, 5, 7, 167
Let f(h) = h**2 + 17*h - 8. Let t(z) = -z**2 - 17*z + 8. Let u(d) = 6*f(d) + 7*t(d). Let g = -1 - 16. What are the prime factors of u(g)?
2
Suppose -4*o = -29*o - 23*o + 358224. List the prime factors of o.
17, 439
Suppose 3*p + 16 - 112 = -4*v, p = 0. Let d = -17 + v. Let c(g) = -g**3 + 11*g**2 - 4*g - 5. What are the prime factors of c(d)?
163
Let a(l) = 25*l - 219. Let t be a(9). What are the prime factors of 261/2 + t - 3/(-6)?
137
What are the prime factors of (1 - 126526/6)/(((-176)/(-12))/(-22))?
2, 5, 3163
Let u(m) = -m**3 + 3*m. Let p be u(-3). Let r = 20 - p. List the prime factors of (-6)/9*9/r + 155.
2, 19
Let j = -425 - -786. Let g be (j/(-76))/((-1)/4). Let w = g - 12. What are the prime factors of w?
7
Let f(k) = 69*k**3 - 18*k**2 + 65*k - 54. List the prime factors of f(6).
2, 3, 19
Suppose 3*x - 168 = -18. Let v = -13 + x. Suppose -3*d = -v - 212. What are the prime factors of d?
83
Let n = -34 + 95. Let h = 136 - n. What are the prime factors of (h/(-10) + 3)*24/(-2)?
2, 3
Suppose -3*h + 4*h = -25. Let r(y) = 5*y + 207. Let j be r(-42). What are the prime factors of j + -2 - -1 - h?
3, 7
Let g = 6005 - -4102. What are the prime factors of g?
3, 1123
Suppose -5*j + 2*q - 603 = -0*j, 0 = -2*j + 2*q - 240. Let k = 225 + j. List the prime factors of k.
2, 13
Suppose -48 = -7*l + 1. Let o be (-35055)/(-133) - 4/l. Suppose 3*n = -o + 674. What are the prime factors of n?
137
Let u(j) be the second derivative of -110*j**3/3 - 32*j**2 - 60*j. What are the prime factors of u(-3)?
2, 149
Suppose 18*j - 16*j = 354. Let f = 343 - j. Suppose -2*r + 3*u = -f + 38, -u = -r + 65. List the prime factors of r.
67
Let s = 8592 + -1122. List the prime factors of s.
2, 3, 5, 83
Suppose -2*t + 16 = 0, -14*a + 16*a = -4*t + 74118. List the prime factors of a.
17, 2179
Let t(h) = 92*h - 11. Let k be t(6). Suppose 5*x = -d + 8278 - k, -2 = -d. List the prime factors of x.
7, 13, 17
Let n be 3*(-58)/(-30)*5. Let t(m) = -m**3 + 36*m**2 - 159*m + 42. List the prime factors of t(n).
2, 659
Suppose -15*m + 2*v - 2177 = -20*m, 5*m + v = 2176. Let i = 483 + m. List the prime factors of i.
2, 3, 17
Let y(o) = 2*o**2 + 12*o + 14. Let g be y(7). Let b = g + -121. What are the prime factors of b?
3, 5
Let k = 36041 + 6279. What are the prime factors of k?
2, 5, 23
Suppose 0 = 3*u - 4*y - 45393, 4*y - 60496 = -5*u + u. List the prime factors of u.
7, 2161
Suppose 0 = 3*c - 6*i - 14028, i - 18668 = -0*c - 4*c. What are the prime factors of c?
2, 3, 389
Let q(n) = -21*n + 1664. List the prime factors of q(69).
5, 43
Suppose -18*f + 51431 = -106981 - 189744. What are the prime factors of f?
2, 19, 509
Let y(b) = -568*b - 20. Let n be y(2). List the prime factors of n/51*3/(-2).
2, 17
Suppose f + 3*o = 23991, 3*f - 71965 = -0*o - 5*o. List the prime factors of (-2)/(2/(-3) + 15900/f).
13, 41
Let x be 3/9*(-216)/(-2). Suppose -43497 - 8235 = -x*f. What are the prime factors of f?
3, 479
Let p(v) = -25*v**2 + 23*v - 42. Let y be p(2). What are the prime factors of (-1)/(-12) - 108376/y?
1129
Let d = -10389 + 19323. What are the prime factors of d?
2, 3, 1489
Let c(n) = -2*n**2 + 24*n + 1. Let a be c(12). Let j be 5*(a/(-4) - 105/(-100)). What are the prime factors of (-7 + j + -6)/(1/(-12))?
2, 3
Suppose 1549*c = 1565*c - 229952. List the prime factors of c.
2, 3593
List the prime factors of (-258)/(-2838) + 1280728/22.
3, 5, 3881
Let x be (4 + (-7)/(-2))*(-12)/18. Suppose 0*v + 2*v = i - 31, -80 = 5*v - 5*i. What are the prime factors of x/(v/96) - 0?
2
Let g = 13001 + 26226. List the prime factors of g.
39227
Let y = -1360 - -16727. List the prime factors of y.
11, 127
Suppose 0 = -3*h - 7*h + 5260. Suppose -h = -12*t + 2114. What are the prime factors of t?
2, 5, 11
Let o be ((-2542)/124)/(3/138 + 0). Let n = o - -2317. List the prime factors of n.
2, 3, 229
Let p(j) = 17*j**2 + 4*j + 5. Let h be p(-1). Let n be h/(-1) + 0 - (-45 - -43). Let y = n + 70. List the prime factors of y.
2, 3
Suppose -8*t - 21 = -11*t. Suppose t*a + 5*c = 4*a + 2192, -3*a - 3*c + 2190 = 0. What are the prime factors of a?
3
Let n = -689 - -1992. List the prime factors of n.
1303
Suppose 0 = 10*k - 22781 - 1069. What are the prime factors of (k - 0)*(-20)/(-50)?
2, 3, 53
Let f = 3265 - -3379. What are the prime factors of f?
2, 11, 151
Suppose -10*b + 13*b = 1842. Let c = -254 + b. List the prime factors of c.
2, 3, 5
Suppose 14069*h - 14079*h = -52000. List the prime factors of h.
2, 5, 13
Suppose -4*g + 3*h - 20451 = -6*g, -10238 = -g - 4*h. List the prime factors of g.
2, 3, 13, 131
Let b be (3 + 1)/(1 - 0). Let n(x) = x + 1. Let m(p) = -p**2 + 1. Let d(r) = -4*m(r) + 6*n(r). List the prime factors of d(b).
2, 3, 5
Suppose 4*n + 250 + 141 = 5*q, 16 = -4*n. Suppose -3*b = y + 2*b + q, 128 = -2*y + b. Let u = -39 - y. List the prime factors of u.
2, 13
Suppose -5*w - 5*h = -972 - 3, -h = -3. List the prime factors of ((-2400)/w)/(2/(-176)).
2, 5, 11
Suppose -21 = -20*x + 13*x. Suppose 2*o + 1498 = 4*t, -7*o + 1117 = x*t - 2*o. List the prime factors of t.
2, 11, 17
Let b = 8087 + 2285. List the prime factors of b.
2, 2593
What are the prime factors of (2/6)/((-285)/(-652175)*(-2)/(-54))?
3, 5, 1373
Suppose -2*r + 5*h + 22828 = 0, r = 159*h - 163*h + 11375. What are the prime factors of r?
11399
Let r = -13 - -14. List the prime factors of 407 + -25 - (-6)/r.
2, 97
Suppose 209*n = -6*n + 371520. List the prime factors of n.
2, 3
Let j(s) = 24042*s + 853. List the prime factors of j(3).
19, 23, 167
Let x be (2/4)/(1/30). Suppose -x*l + 10*l + 10 = 0. Suppose -5*i - 633 = -4*o, -l*o + 35 + 292 = i. What are the prime factors of o?
2, 3
List the prime factors of ((-4600)/3680)/(5/(-87816)).
2, 3, 3659
Let y = -9997 - -16947. What are the prime factors of y?
2, 5, 139
Let c(i) = -i**2 - 11*i - 14. Let r be c(-2). Let g(s) = 10*s + 41. Let p(v) = 5*v + 20. Let n(j) = 4*g(j) - 7*p(j). What are the prime factors of n(r)?
2, 11
Let c be 2*4580/52 + 2/(-13). Let p = 218 - c. List the prime factors of p.
2, 3, 7
Let d be (-10)/15*((-2 - 2) + -50). Suppose -1212 = 30*p - d*p. What are the prime factors of p?
2, 101
Suppose -7952 = -49*b + 57*b. Let a = 1492 + b. List the prime factors of a.
2, 3, 83
Suppose -24*n + 311916 + 314359 = -678173. What are the prime factors of n?
2, 43, 79
List the prime factors of 2*-5 + (25163 + -24 - 10).
3, 2791
Let b = -5071 - -7594. What are the prime factors of b?
3, 29
Suppose -3*f - 225 = -2*s - 30, 2*s = -4*f - 260. Let p = f + 69. What are the prime factors of 1/p - (-6)/(-24) - -11?
11
Let v be (0 - 4)*(-12)/(-16). What are the prime factors of -962*(-4 - v)*1/2?
13, 37
Suppose -39 = 5*s + 171. Let w = 42 + s. List the prime factors of -4 + 66 + (3 - w).
5, 13
Let z = -46354 - -67049. What are the prime factors of z?
5, 4139
List the prime factors of 7 + 256/(-40) + ((-185710)/25)/(-1).
17, 19, 23
Let b =